t y be f(2). Suppose -t = 4*a + 12, 0 = -t + y*a - 51 + 12. Let q be (t/18)/((-2)/18). Calculate the highest common factor of q and 36.
12
Suppose -6*f = -27 - 81. What is the greatest common factor of f and 144?
18
Let f be (-1)/(1/(-2)) + 4. Suppose 3*a - f*a = -6. Suppose 4*h - 93 = -r, -h + 3*r = a*h - 51. What is the highest common divisor of 2 and h?
2
Suppose 4*t - 308 = -z - 3*z, 4*z + 5*t - 313 = 0. Let v be (-2)/(-9) - 302/(-18). Let m = v + -8. Calculate the greatest common divisor of z and m.
9
Let q be 10/(-25) - (-34)/10. Suppose u = q*u - 2. What is the greatest common factor of u and 7?
1
Suppose -2*x = 2*x - 144. Calculate the highest common factor of x and 9.
9
Suppose 0*w = 2*w - 10, -2*h - 5 = -3*w. Suppose h*m - 219 = 156. Calculate the highest common divisor of m and 15.
15
Let k(m) = -2*m - 2*m - 10 - 9*m - m. Let z be k(-7). What is the highest common divisor of z and 8?
8
Let j be (-446)/(-10) - (-38)/95. Let u be (-1 - 0)/(1/(-3)). Let v be (u + 0)/(2/6). Calculate the greatest common factor of j and v.
9
Let w be ((-6)/15)/(3/(-360)). Suppose -9*n + 5*t + 30 = -5*n, 5*n + 3*t = 19. Let o be (n/(-4) + 2)*8. What is the highest common divisor of o and w?
6
Suppose -3*p + 20 = u, -6*p + 35 = -p + 2*u. What is the greatest common factor of 5 and p?
5
Suppose 0*d = -4*d - 4*z + 88, z - 110 = -5*d. What is the highest common divisor of d and 88?
22
Let v be ((2 + -2)/2)/2. Suppose l - 30 = -v*l. Calculate the highest common factor of l and 30.
30
Suppose -4*h + 17 = -83. What is the greatest common factor of 200 and h?
25
Let o be 0/1*1 - -19. Suppose 4*z + y - 2*y = -741, -z - 189 = -y. Let u = -32 - z. Calculate the highest common divisor of o and u.
19
Let q = 8 - 6. What is the highest common divisor of q and 32?
2
Suppose -w + 9 + 9 = 0. Let r(z) = z + 3. Suppose -4*q = -2*q - 12. Let u be r(q). Calculate the highest common divisor of w and u.
9
Let p be (1/3)/((-6)/(-54)). Suppose -2*v = -4, p*s - 94 = v + 3. What is the highest common factor of s and 22?
11
Let d be ((-12)/(-9))/(6/9) + 3. What is the greatest common factor of 45 and d?
5
Let z be (51/(-12) - -3)*-12. What is the highest common divisor of z and 10?
5
Suppose -10*j = -3*j - 245. Calculate the greatest common factor of 7 and j.
7
Let d be 238/6 - 2/3. Let w = d + 59. What is the greatest common factor of 14 and w?
14
Suppose -b = -5*b + 8. Let j = b + -6. Let p be j/(-6) + (-7)/(-3). What is the greatest common factor of 3 and p?
3
Let g = -15 - -312. What is the highest common factor of g and 27?
27
Suppose -30 - 66 = -3*k. Suppose -4*y + k = -2*y. Let d(g) = -g**2 + 20*g - 4. Let b be d(10). What is the greatest common factor of y and b?
16
Let h(n) = 18*n**2 - 1. Let m be (3 + -2 - 0)/1. Let w be h(m). Let q be 1*-51*8/(-12). Calculate the highest common divisor of q and w.
17
Suppose 0 = -u - 19 + 123. Suppose -6*n = 8*n - 182. Calculate the greatest common factor of u and n.
13
Suppose -i + 364 = 3*i. Let n = -11 - -24. What is the greatest common factor of i and n?
13
Let x be ((45/(-3))/(-1))/1. Calculate the highest common factor of x and 15.
15
Let c be 22*(7/(-2) - -3). Let s(z) = z**3 + 11*z**2 - 2*z - 2. Let q be s(c). What is the highest common divisor of q and 20?
20
Suppose -z - 4*z = -115. What is the highest common divisor of 207 and z?
23
Let r be (56/(-10) + 4)*-10. Let z be (69/12)/(2/r). Calculate the greatest common factor of 69 and z.
23
Suppose 0 = 2*d - 7 - 3. Suppose -5*j = -q + 30, -d*q + 0*j + 50 = -5*j. What is the highest common divisor of 40 and q?
5
Suppose -3*y + 3*m = 3, 3*y + 8 = y + 4*m. Suppose -y*b - 4*n = -26, -4*b + 4 = -3*n - n. Calculate the greatest common divisor of 2 and b.
1
Suppose -7*r + 65 = -47. Calculate the highest common factor of r and 8.
8
Suppose -4*j + x = 28 - 71, 0 = j + x - 12. Let t = -469 - -332. Let n = t - -247. Calculate the highest common factor of j and n.
11
Let i be (6/(-4))/((-5)/50). Suppose -u + 5*a = -20, 4*u + 2*a - 4 = 3*a. Suppose u = j - 4*j + 495. What is the highest common factor of j and i?
15
Let t = -158 + 347. Suppose -t = c - 2*c. Let i = c + 9. What is the greatest common divisor of i and 18?
18
Let y(a) = 2*a. Let n be y(-2). Let i be -2*(n/2 + -8). Let r be (25/15)/((-3)/(-9)). Calculate the highest common divisor of r and i.
5
Let v(s) = s**2 - 5. Let h = 4 + -10. Let f be v(h). Suppose 3*d - 307 = -f. What is the greatest common divisor of d and 23?
23
Let v be (-1 - -21) + (-1 - -1). Suppose -2*g + 3*n = 0, -3*g - 2*n = -5*n - 6. Let i = g - -2. Calculate the greatest common factor of i and v.
4
Let x be 16/6*(-45)/(-6). Let r = -30 - x. Let k = 82 + r. Calculate the highest common factor of 4 and k.
4
Suppose 4*a - 2*a = -3*r + 105, 5*a = -4*r + 252. Suppose -3*o + a = o. Let l be (1 - 0)*o/2. Calculate the highest common divisor of l and 15.
3
Suppose 2*m - 58 = -2*r, 3*m + 55 = 2*r + 6*m. Calculate the greatest common divisor of 32 and r.
32
Let t be (-2)/(-3) - (-7)/3. Let x be (1 - 5/t)*-78. Let g = x - 22. Calculate the highest common divisor of 12 and g.
6
Let p = 71 - 31. Suppose -4*y = -4, -4*r = -r - y + 31. Let i = 15 + r. Calculate the greatest common divisor of p and i.
5
Let f(w) = w + 5. Let o be f(4). Suppose 0 = -r + o - 3. Let u(k) = -k + 42. Let c be u(0). Calculate the highest common divisor of r and c.
6
Suppose -143 = -2*j + 65. Calculate the highest common divisor of j and 13.
13
Suppose d - 2*d + 10 = 0. Suppose 2*a - 6 = d. Calculate the highest common factor of 24 and a.
8
Suppose 3*n - 114 = 264. Calculate the highest common factor of 14 and n.
14
Suppose 5*k - 5*n - 36 = 69, 0 = 2*k + 3*n - 17. Calculate the greatest common factor of 16 and k.
16
Let q(c) = c**3 - 8*c**2 + 10*c - 8. Let g be q(7). Let v be (-1)/(-3) + (-34)/(-6). Let t be v*(-1)/3*-13. What is the highest common factor of t and g?
13
Let m(r) = 3*r - 1. Let s be m(1). Suppose s*h - 5*k - 21 = h, 2*h - 75 = -k. What is the highest common divisor of 54 and h?
18
Let g(t) = 2*t**2 - 3*t - 1. Suppose 5*u - 2 = 4*l, 2*u - 2*l + 6*l + 16 = 0. Let c be g(u). What is the highest common factor of c and 117?
13
Let n be (-2)/4 + (-4)/((-16)/702). Calculate the greatest common divisor of n and 25.
25
Suppose 5*v - 55 = -20. What is the greatest common factor of 7 and v?
7
Let b(g) = 3*g**2 + 2*g. Let w be b(-8). Calculate the greatest common factor of 16 and w.
16
Suppose 0*t = -4*t + 40. Let y be (3*t)/((-33)/(-22)). What is the greatest common divisor of y and 4?
4
Let y(a) = 7 + 2 + 2*a**2 - 7*a - 5. Let h be y(4). What is the greatest common factor of h and 4?
4
Suppose 2*o = -0*o + 42. Let i(q) = -q. Let j(b) = b - 12. Let f be j(5). Let v be i(f). What is the highest common divisor of o and v?
7
Let b = -5 - -6. Let i be (-18)/(-6) - (b - 1). Suppose -i*t + 6*t = 3, 5*t - 135 = -5*j. Calculate the greatest common divisor of j and 39.
13
Let m = -8 + 4. Let r = 8 + m. Suppose -2*j + 78 = r*o, 0*o = -2*o - 5*j + 19. What is the highest common factor of 110 and o?
22
Suppose -30 = -2*b + 6. Calculate the greatest common factor of b and 90.
18
Suppose -4*c + 1 = 17. Let k(g) = -2*g - 2. Let z be k(c). What is the greatest common factor of 12 and z?
6
Suppose -62 - 38 = -4*a. Suppose -3*s - 2*i + a = -18, 2*s - 36 = -5*i. Suppose 0*l + l - 26 = 0. What is the greatest common divisor of s and l?
13
Suppose 0 = -4*w, 3*p - 3*w - 9 = -2*w. Suppose 0*g + p = g. Let h(b) = 8*b**2 - 3*b + 1. Let z be h(2). What is the greatest common factor of z and g?
3
Let b = -9 - -23. Let x be ((-10)/(-2) - 2) + (-78)/(-2). What is the highest common factor of b and x?
14
Suppose -3*r = 3*t - 18, 4*r - 6 = 4*t + t. Suppose 0 = 2*l - t, -4*x + 0*l = l - 29. What is the greatest common factor of 35 and x?
7
Let x(v) = -2*v + 8. Suppose q + 3*t - 40 = -13, 2*q = t + 75. Suppose 5*d = 6 - q. Let m be x(d). Calculate the greatest common factor of m and 40.
20
Let x = -145 + 103. Let s = 87 + -159. Let l = x - s. What is the greatest common divisor of l and 6?
6
Suppose 3*n + 54 = 7*n + q, 0 = -q - 2. What is the greatest common divisor of 98 and n?
14
Let w = -17 + 24. Suppose w + 1 = 2*n. Calculate the greatest common divisor of 36 and n.
4
Let f be (0 + 1 + -2)*-10. Let c(r) = r**2 + 7*r + 2. Le